ppose 0 = 4*l + r - s*r + 60, -l = 3*r - 2. Determine j(l).
0
Let k(i) be the third derivative of -3*i**4/8 + 13*i**3/2 - 29*i**2 + 9*i. Give k(2).
21
Let b(z) = 2*z**3 - 3*z**2 - 5*z + 4. Let n be b(3). Suppose 184 + n = 4*u. Let p = 56 - u. Let y(a) = a + 2. Give y(p).
8
Let r(d) = 1165*d + 2318. Let w be r(-2). Let f(m) be the first derivative of -3*m**2/2 - 14*m - 5. Give f(w).
22
Let h(p) = -12*p**3 + p**2. Let m(s) = s**3 - 19*s**2 - s + 21. Let i be m(19). Suppose -i*f + 1 = -2*q - 11, 0 = -5*q + 2*f - 15. What is h(q)?
13
Let t(h) = h**2 + 7*h + 13. Suppose 3*a = -5*b - 15, 96*a - b + 10 = 94*a. Calculate t(a).
3
Let l(o) = -3*o - 18. Suppose 292 = 162*q + 4018. Calculate l(q).
51
Let d(u) = 4*u**2 - 11*u + 27. Let f = -517 + 512. Let l(j) = 3*j**2 - 8*j + 18. Let a(m) = f*d(m) + 7*l(m). Give a(7).
33
Let r(w) = w - 22. Let a be r(0). Let i = -20 - a. Let k(c) = -31*c**i + 30*c**2 - 4 - 6*c + 2. Give k(-6).
-2
Let y be (-7)/(2/(-4 - (2 - 4))). Suppose 2*l = 3*i - y*i - 12, 0 = 4*l - i + 24. Let j(z) = -2*z - 6. Give j(l).
6
Let c(v) = v**2 + 44*v + 47. Suppose 4*i = 28, -5*t = 2*i + 97 + 104. Calculate c(t).
4
Let u(a) = -19*a**3 - 23*a**2 - 9*a. Let o(m) = 15*m**3 + 17*m**2 + 8*m. Let v(j) = 5*o(j) + 4*u(j). Give v(-7).
-28
Let z(g) be the first derivative of -8*g**2 + 120*g + 41. Let o be z(8). Let t(y) = -y**3 - 7*y**2 + 6*y - 1. What is t(o)?
15
Let t = 4 + -56. Let f = -33 - t. Let k(v) = v - f*v**2 + 13*v**2 + 0*v. Give k(-1).
-7
Let c be -74 + 69 + (-6)/(-3) + 22. Let h(w) = -2*w**2 + 40*w + 26. Calculate h(c).
64
Let y(u) = u**2 - 8*u - 29. Let d be y(11). Let s(m) = 35*m - 27. Let v(i) = 19*i - 14. Let t(r) = -6*s(r) + 11*v(r). Determine t(d).
4
Suppose 0 = -4*b - 3*c - 66, -3*b + c + 34 = -5*b. Let o be 24/b*(1/(-2) + -1). Let t(i) = -23*i**o + i - 4*i - 3 + 22*i**2. What is t(-5)?
-13
Let s(q) = q**2 + 14*q - 26. Suppose 96*h + 2078 = -12*h + 350. Determine s(h).
6
Suppose 0 = 5*s - 3*z + 1, -5*s = -0*z + z + 13. Let q(p) = p**3 - p**2 - 18*p - 24. Let l be q(s). Let d(i) = i - 9. Give d(l).
-9
Let y = -25681 - -51365/2. Let b(n) be the first derivative of -2*n - y*n**2 - 15. Calculate b(-3).
7
Let m(n) = -n**2 + 3*n - 25. Suppose -76 = b - 0*b - 85. What is m(b)?
-79
Suppose 15*z = 16*z + 4*w - 11, z - 4*w = -5. Let p(x) = 1768 + 2*x**2 - 3546 - 4*x + 1769. Determine p(z).
-3
Suppose -5*i - 6*c - 48 = 0, -c + 68 - 53 = -3*i. Let r(t) = -31*t - 197. Calculate r(i).
-11
Let m(p) = 116*p + 134*p + 1 - 358*p + 124*p. Give m(-2).
-31
Suppose 15 = -q - 2*g, -3*q + 75*g - 71*g = 95. Let i(f) = f**2 + 22*f - 96. Calculate i(q).
-21
Let r(y) = -6*y**3 - 1. Let t(z) = 24*z**3 - z**2 - z + 4. Let n(p) = 9*r(p) + 2*t(p). Suppose h - 11 = -4*m, h = -h - 4*m + 10. What is n(h)?
5
Let y(b) = -4*b**3 + 6*b**2 - 9*b + 10. Suppose -2 = 4*a - 14. Let r(k) = k**3 + k - 1. Let p(c) = a*r(c) + y(c). Let q = -60 - -65. Determine p(q).
2
Let o(q) = -2*q**3 - 3*q**2 + 8*q - 3. Let w(a) = 3*a**3 + 2*a**2 - 9*a + 2. Let k(y) = -4*o(y) - 3*w(y). Suppose -17 + 2 = -3*r. What is k(r)?
6
Let n be ((-72)/(-16))/(3/4). Suppose n*g = -2 - 4. Let x(s) be the third derivative of 13*s**5/60 + s**4/12 + s**3/6 + 173*s**2 - 2*s. Calculate x(g).
12
Let c(f) = -f**3 - 23*f**2 - 29*f + 275. Let b be c(-21). Let y(q) be the second derivative of 4*q + 0 + 5/6*q**3 - 3/2*q**b - 1/6*q**4. Give y(5).
-28
Let a(z) be the first derivative of -4*z**3/3 + 4*z**2 - 5*z + 106. Determine a(6).
-101
Suppose 0 = -5*j - 0*q + 5*q + 25, 3*q - 3 = 0. Let y(a) = 19*a - 9*a**2 + j*a**2 - 21*a + 1. Suppose 8*t = 2 + 6. Determine y(t).
-4
Let g(u) = -11*u**2 - 14*u - 26. Let z(f) = -2*f**2 - 1. Let n(o) = g(o) - 5*z(o). What is n(-12)?
3
Let i(x) = -2*x**2 - 21*x - 37. Suppose -85 = 2*a - 99, 5*m = -2*a - 26. Give i(m).
3
Let y(k) be the third derivative of 0*k + 0 + 175*k**2 - k**3 - 1/60*k**5 - 1/8*k**4. Determine y(-7).
-34
Let l(c) be the first derivative of 2*c**3/3 + 5*c**2 + 10*c + 1110. What is l(-7)?
38
Suppose j - 24 = -3*l + 2*j, -3*l = 2*j - 15. Let f(n) be the first derivative of -n**3/3 + 4*n**2 - 5*n - 7518. Calculate f(l).
2
Let t be 2*(-4)/(16/10). Let j = -68 - -71. Let v(k) = 3*k**j + 4*k + 36*k**2 - 7 - 30*k**2 - 2*k**3. Calculate v(t).
-2
Let y(t) = 10*t + 60. Let x(o) = -11*o - 92. Let f(r) = -2*x(r) - 3*y(r). Let w be 30/9*9/15. Give f(w).
-12
Suppose 2*y - 19 = -3*z + 7, 4*y - 4*z = 12. Suppose 14 = 43*s - 41*s. Let m(o) = -35*o + 33*o + s + 3. Calculate m(y).
-4
Let q be 4/(-3) - (-10)/3. Suppose -42*b = -28*b - 28. Let l(p) = p**q - p**2 - 99*p + 88*p - 10 + p**b. Give l(12).
2
Let q(l) = -l + l - 646*l**2 + 647*l**2 - 1. Let m(j) = 9*j**3 - 8*j**2 + 2*j + 5. Let b(d) = m(d) + 6*q(d). Give b(1).
8
Let i(j) be the third derivative of -5*j**4/12 + 37*j**3/3 - j**2 + 126*j. Give i(8).
-6
Let z = -484675 + 484666. Let y(a) = -10*a**2 + 0*a**3 + 1 - 9*a - a**3 - 10. Give y(z).
-9
Let k(h) = -4*h**2 - 155*h - 25. Let y(i) = i**2 + 41*i + 6. Let d(r) = -3*k(r) - 11*y(r). Determine d(-4).
-31
Let c(x) = 13*x + 1. Suppose 93 = 396*f - 399*f. Let h be (-332)/11 + (-2)/(-11). Let m = h - f. Determine c(m).
14
Let y = -109 + 119. Let g(n) = 13 - 8 + 0 - n**3 - y*n + 12*n**2 - 11. Calculate g(11).
5
Suppose -3*n = -13*z + 9*z + 112, z = 4*n + 28. Let l be (-12)/z - ((-108)/(-42) - 1). Let v(k) = -2*k**3 - 2*k**2. Give v(l).
8
Let y(l) = -l**3 - 13*l**2 + 12*l - 21. Let j = 6180 + -6194. Give y(j).
7
Let l be ((-1185)/(-20))/(5 + 19/(-4)). Let x = -235 + l. Let b(k) = -k**3 + 4*k**2 - 4*k + 5. Determine b(x).
5
Let q(m) be the third derivative of 1/15*m**5 + 5/6*m**3 + 2 - 1/4*m**4 + 0*m - 1/120*m**6 - 67*m**2. Determine q(4).
-19
Let f = 156997/6 - 26166. Let g(n) be the second derivative of -f*n**3 - 1/2*n**2 - 21*n + 0. Calculate g(-7).
6
Let q be (-1 + -1)*(-7)/2. Let d(j) = 111*j + 3. Let m(c) = 445*c + 1. Let z(i) = -4*d(i) + m(i). Determine z(q).
-4
Let s(g) = -g + 9. Suppose -2*z + 3*h + 2 = -5, 3*z + 5*h - 1 = 0. Let w be (z/(-4))/(3/(-6)). Let q be w*(-4 + -24)/(-4). Give s(q).
2
Let n(v) = -v**3 - 5*v**2 + 10*v + 14. Let t(r) = r + 3. Let k be t(-3). Suppose k*q = 2*q + 12. Calculate n(q).
-10
Let p(y) = -y**3 + 3*y**2 + 11. Let s(c) = 2*c**3 + c**2 + 11*c + 4. Let f be s(0). Give p(f).
-5
Let n = 115 - 21. Let j = -92 + n. Let v(s) = -2*s**2 - 3 + 0*s**j - s**3 + 1 - 2*s + 0*s**3. Calculate v(-3).
13
Let u(g) = -6*g**3 - 54*g**2 + 5*g - 50. Let z(j) = 34*j**3 + 271*j**2 - 26*j + 248. Let x(b) = 11*u(b) + 2*z(b). What is x(26)?
24
Let v(k) be the first derivative of -13*k**5/60 + 66*k**2 - 119. Let f(b) be the second derivative of v(b). Let p = -4 - -3. What is f(p)?
-13
Let h(m) = 5*m**3 - m. Suppose 20*y = 17*y - 18. Let u(v) = 11*v**3 - 2*v. Let k(t) = y*u(t) + 11*h(t). Calculate k(-1).
10
Let c(z) = z**3 + 23*z**2 - 51*z - 5. Let i(j) = -5*j**3 + 86*j**2 + 69*j + 29. Let t be i(18). Give c(t).
20
Let l = -78 - -76. Let h be 2/(-6)*l*-6. Let o(b) be the second derivative of -b**3/6 - b**2 - b. Calculate o(h).
2
Let j(v) = -v**2 - v + 2. Let s(f) = 7*f**2 + 9*f - 65. Let x(y) = -6*j(y) - s(y). Calculate x(-9).
-1
Let q = 2874 - 2856. Let g(p) = -p**2 + 14*p. Give g(q).
-72
Let w = 3 - -3. Let u be 11/(1122/(-12)) + 108/51. Let k(m) = 11*m - 5*m**3 + 4*m**3 + 4 - 13*m + 6*m**u. What is k(w)?
-8
Let v(z) = 5*z**2 - z - 1. Let a(u) = 20*u**2 - 4 + 3 - 67*u**3 + 68*u**3. Let r be a(-20). Determine v(r).
5
Let f(g) = -g - 27. Let r be f(-11). Let n(y) = -4*y - 4. Let a be n(-3). Let u = a + r. Let o(k) = k**3 + 8*k**2 - k + 3. Calculate o(u).
11
Let x(b) = -20*b**2 - 17*b + 28. Let i(c) = 8*c**2 + 9*c - 15. Let j(r) = 9*i(r) + 4*x(r). Determine j(2).
-29
Let a(g) = 3227493 + g - 3227493. Suppose 2*t + 4*k = -t + 10, 4*t - 10 = -2*k. Suppose -5*v + 20 = 0, -2*v + t = -x - v. Calculate a(x).
2
Let d = 1 - 16. Let o(k) = 7*k**3 - 8*k**2 - k + 32. Let c(w) = -12*w**3 + 18*w**2 + 5*w - 64. Let x(j) = 4*c(j) + 7*o(j). What is x(d)?
-2
Let d(m) = 22*m + 0*m + 3*m**2 - 6*m + 8 - 7*m - 2*m**2. Let s(u) = -3*u - 11*u**2 + u - 2*u**3 + 2 + 14*u**2. Let b be s(2). Determine d(b).
-10
Let f(p) = 26*p - 5. Let s be f(-2). Let g = -97 - s. Let d be g/25*5/(-2). Let b(y) = -y**3 + 4*y**2 - 2*y + 5. Give b(d).
-3
Let l(x) be the first derivative of -x**3/3 + 2*x**2 + 6*x - 671.